late the greatest common factor of q and 450.
25
Let a(h) = -30 + 11 + 43 + 116*h + 0*h**2 - 3*h**2 + 48. Let z be a(39). Let i be 98 - 2/(4/(-2)). Calculate the highest common divisor of i and z.
33
Let m(f) = -f**2 + 50*f + 90. Let t be m(45). Calculate the highest common factor of t and 12.
3
Let q(s) = -5*s - 25. Let h be q(-5). Suppose h = c - 4*i - 26, -3*c = -3*i - 25 - 17. What is the highest common divisor of 30 and c?
10
Let o be ((-54)/10)/(2 + 1)*(-45)/3. Let r be (2 - 1) + (-10)/(-5). Calculate the highest common factor of r and o.
3
Suppose 3*b - 18 = 2*g, -2*g + 113 + 29 = 5*b. Suppose w = -0*w + 57. Calculate the highest common divisor of w and g.
3
Let n = -431 - -450. Suppose 0 = -4*l + n*l - 180. Calculate the highest common factor of 468 and l.
12
Let r(p) = -p**3 + 32*p**2 - 40*p + 411. Let b be r(31). What is the highest common divisor of 2442 and b?
66
Let q be ((-1660)/(-50))/((-4)/(-10)). Suppose 0 = -16*d + 1379 + 3277. Let o = d - q. What is the highest common divisor of 16 and o?
16
Suppose 1389 = -13*c - 3018. Let o = c - -549. Calculate the greatest common factor of o and 42.
42
Let l be (-350)/(-45) + 14/63. Suppose -101 = -4*n - 13. Calculate the highest common factor of l and n.
2
Suppose -27*l - 90 = -16*l - 14*l. Suppose 10*d = 7*d + 90. Calculate the highest common factor of d and l.
30
Suppose -2*c - 3*c = 3*k - 236, 0 = -3*c + 12. Let x = 38 - k. Let v = 40 + x. Calculate the highest common factor of 54 and v.
6
Let w = -8032 + 8124. What is the highest common divisor of w and 598?
46
Let d = 4258 + -3840. Calculate the greatest common factor of 76 and d.
38
Suppose 5*z = -3*y + 30, -y + 17 + 0 = 4*z. Let w(x) = 2*x**3 - 13*x**2 + 417*x - 2948. Let v be w(7). Calculate the highest common factor of v and y.
5
Let p be 1*(-42)/(-4)*2/3. Suppose -m = 3*b + p, 2*b + 2*m = -0*m + 2. Let d be (-14 - (-12)/2)/(b/6). Calculate the greatest common factor of 12 and d.
12
Suppose -a + 32 = -9. Let s = a + -37. Suppose -p + 2*n = s*n - 46, -83 = -2*p - n. Calculate the greatest common divisor of p and 60.
20
Let i be (13/3)/((-793)/(-1830)). Calculate the greatest common factor of 530 and i.
10
Suppose 164*k - 17185 + 5143 = -282*k. Let l(s) = 40*s**2 - 4*s + 3. Let t be l(3). Calculate the highest common divisor of k and t.
27
Suppose -11*n + 44 = -682. Let d = n + -61. Let t be ((-1)/(-2) - 3/(-2))*d. What is the highest common divisor of t and 220?
10
Let l(m) = -11*m + 255. Let o(d) = 19*d - 510. Let s(j) = -7*l(j) - 4*o(j). Let x be s(0). What is the greatest common divisor of x and 51?
51
Let r be (48/80 - 503/5) + 0. Let p = r + 109. Suppose z + 0 = 6. Calculate the highest common divisor of p and z.
3
Let f = -982 + 2126. Suppose 116*l = 64*l + f. Let y(v) = -v**3 - 2*v**2 - 2*v + 3. Let g be y(-5). Calculate the greatest common divisor of l and g.
22
Suppose -4*w = -7*w + 24. Suppose 2*n = -w, 4*k = 3*n + 108 + 176. Calculate the highest common factor of 102 and k.
34
Suppose 10*o - 5580 = o. Suppose -9*y = -o - 640. What is the highest common factor of 28 and y?
28
Let k = -3 + 4. Let n be (4 + 5)/(-1 + (-200)/(-195)). Suppose 24*s = -135 + n. Calculate the greatest common divisor of s and k.
1
Let v(x) = -29*x + x**2 + 73 + 56 + 0 + 26 - 10. Let l be v(23). Calculate the highest common factor of l and 63.
7
Let r be (7 - 2)/(4 - 5)*-1. Suppose -4*q + r*t - 32 = -7*q, 0 = 3*q - t - 8. Suppose q*y - 208 = 2*y. Calculate the highest common factor of 13 and y.
13
Suppose 9177*h - 2595411 = 9138*h. Calculate the highest common divisor of h and 21.
21
Suppose 2*o - 2*w = -10, o = 6*o + w - 5. Suppose n - 5 + 0 = o. Suppose 3*m + 18 = 5*y, 5*y + 4*m = n*m + 16. Calculate the greatest common divisor of 5 and y.
1
Let c(l) = 15*l - 695. Let d(p) = 4*p - 232. Let g(t) = 6*c(t) - 17*d(t). Let k be g(14). What is the greatest common divisor of 287 and k?
41
Let f be 880/264 + ((-4)/(-6) - 2). Calculate the highest common divisor of f and 1082.
2
Suppose -4*w + 21 = -59. Suppose 11*z - 18 = 2*z. Suppose 5*n - 10*n - 3*h + 244 = 0, -n - z*h = -46. What is the greatest common divisor of w and n?
10
Let i(m) = m**3 - 2*m - 4*m**2 + 6 - 46 + 5*m + 13*m. Let y be i(5). What is the highest common divisor of y and 26?
13
Let f be (-1764)/(-24)*(17/2 - 3/6). Calculate the highest common divisor of 84 and f.
84
Let h = -3212 - -3545. What is the greatest common factor of 1887 and h?
111
Let o = -110 - -144. Let l(h) = 44*h - 12 - 28*h + o*h. Let i be l(2). What is the highest common divisor of 11 and i?
11
Suppose 4*k - k - 210 = 0. Suppose 2*g + 2*n - 94 = 0, -5*g - 4*n = -40 - 188. Calculate the highest common factor of k and g.
10
Let r = 4 + 1. Let n(p) = p**3 - 7*p**2 + 12*p - 9. Suppose -19*v + 20 = -15*v. Let m be n(v). What is the greatest common divisor of r and m?
1
Suppose 255*y - 49000 = 130*y. Calculate the highest common divisor of 574 and y.
14
Let k(l) = -l**2 + 4*l + 1. Let v be k(3). Let n be 2/v - (-4 + (-8744)/16). What is the greatest common divisor of 19 and n?
19
Let l be 343 - 9/(252/(-224)). Calculate the greatest common factor of l and 3294.
27
Let d(k) = -4 - k - 2*k + 6*k + 11*k**2 + 0*k. Let n be d(-4). Suppose 17*u - n = 9*u. What is the highest common divisor of 25 and u?
5
Let k(s) = -50*s**2 + 54*s**2 - 8*s + 8 + 2 + 0. Let f be k(7). Calculate the highest common divisor of f and 6.
6
Suppose 57*c + 78*c - 212330 = 50*c. What is the greatest common factor of 1 and c?
1
Suppose -112*m + 105*m + 11 = -17. Let o(y) = -42 + 4*y - 2*y + 13*y. Let k be o(m). What is the greatest common divisor of k and 18?
18
Let l = -82 - -96. Suppose -1292 = -5*u - l*u. What is the highest common divisor of u and 544?
68
Let f(m) be the first derivative of 7*m**2/2 - 215*m - 245. Let b be f(36). Calculate the highest common divisor of b and 740.
37
Let d = 2948 - 2593. What is the highest common divisor of 20 and d?
5
Suppose 0 = 49*y - 41*y - 103040. Suppose 32*a = -3*a + y. Calculate the highest common factor of 32 and a.
16
Let l be 8/(-10) - 37/(3885/(-3234)). What is the greatest common factor of l and 1470?
30
Let i = 2038 - 1940. Calculate the greatest common divisor of i and 9996.
98
Let q = -74 + 146. Suppose 0 = -5*t + q + 93. Let y(s) = -3*s**2 - 20*s + 1. Let b be y(-4). Calculate the greatest common factor of t and b.
33
Let a be (-2)/(-12) + 7640/240. Suppose -14*z = -11*z + 2*i - 32, 2*z + 4*i = a. What is the highest common divisor of z and 904?
8
Let l be -10*(-5)/((-50)/(-4)). Suppose 0 = -3*q + 2*c + 51, -2*c - 17 = -l*q + 53. What is the greatest common factor of 893 and q?
19
Let s(j) = -j**3 + 11*j**2 - 10*j + 1. Let c be s(9). Let a = 295 - 264. Let n = a + c. Calculate the greatest common factor of 13 and n.
13
Let d = -56 - -58. Suppose 5*t - d*k = 2*k + 52, -3*t + 21 = k. Let y be -7 - -3 - t*-1. Calculate the greatest common factor of y and 32.
4
Let s = -7680 + 8000. Calculate the highest common factor of 34240 and s.
320
Suppose -115*m = 44*m - 5724. Let l(k) = k**3 + 5*k**2 + 2*k - 4. Let g be l(-4). Suppose 0 - g = -h. What is the greatest common divisor of h and m?
4
Let g(s) = 45*s**3 + 6*s**2 - 12*s - 2. Let k be g(4). What is the highest common divisor of k and 76?
38
Suppose 19*m + 1150 = 67. Let x = 66 + m. What is the highest common factor of x and 162?
9
Let o(c) be the first derivative of 7*c**3/3 - c**2 + 10*c - 62. Let s be o(5). What is the highest common divisor of s and 35?
35
Let k be ((-1)/2)/((-51)/102). Let r be (k + (6 - 18))*-7. What is the greatest common factor of r and 28?
7
Let z = 615 - 573. Let i = -12 + 327. Calculate the highest common factor of i and z.
21
Suppose 45*d - 12 = 39*d. Suppose -3*p + 139 = -5*l, 3*p - d*p - 49 = -l. Calculate the highest common divisor of p and 16.
16
Let i = -102 - -85. Let s = 79 - i. Calculate the greatest common divisor of s and 144.
48
Let q = 225 + -213. Suppose 16*n - 1892 = q*n. Calculate the greatest common divisor of n and 11.
11
Suppose -56*j - 154 + 1834 = 0. Let t = -25 + 41. Suppose 5*d - 184 = t. What is the greatest common divisor of d and j?
10
Suppose 0 = 3*l + 2*l - 125. Let x = -59797 + 59802. Calculate the highest common divisor of x and l.
5
Let z(q) = -1. Let w(g) = -9*g - 46. Let b be -3*2 + (23 - 21